{"id":219,"date":"2013-08-07T15:25:30","date_gmt":"2013-08-07T13:25:30","guid":{"rendered":"http:\/\/cipro.evolutiontravel.it\/infovacanze\/?page_id=219"},"modified":"2018-10-15T17:40:52","modified_gmt":"2018-10-15T15:40:52","slug":"petra-tou-romiou","status":"publish","type":"page","link":"https:\/\/cipro.evolutiontravel.it\/infovacanze\/destinazioni\/petra-tou-romiou\/","title":{"rendered":"Petra Tou Romiou, mezzaluna di Afrodite"},"content":{"rendered":"<p>La spiaggia ciottolosa di <strong>Petra tou Romiou<\/strong>, a circa <strong>22 km da <a href=\"https:\/\/cipro.evolutiontravel.it\/infovacanze\/destinazioni\/paphos\/\">Paphos<\/a><\/strong>, \u00e8 una mezzaluna paradisiaca protagonista di <strong>una leggenda<\/strong>: su uno scoglio di questa spiaggia, dalle onde del mare,<strong> \u00e8 nata Afrodite<\/strong> rendendo questa localit\u00e0 <strong>famosa in tutto il mondo<\/strong>.<strong><br \/>\n<\/strong><\/p>\n<p><img loading=\"lazy\" decoding=\"async\" class=\"size-medium wp-image-470 alignright\" src=\"https:\/\/cipro.evolutiontravel.it\/infovacanze\/wp-content\/uploads\/sites\/11\/2013\/09\/Petra-Tou-Romiou-300x225.jpg\" alt=\"Petra Tou Romiou\" width=\"300\" height=\"225\" srcset=\"https:\/\/cipro.evolutiontravel.it\/infovacanze\/wp-content\/uploads\/sites\/11\/2013\/09\/Petra-Tou-Romiou-300x225.jpg 300w, https:\/\/cipro.evolutiontravel.it\/infovacanze\/wp-content\/uploads\/sites\/11\/2013\/09\/Petra-Tou-Romiou-400x300.jpg 400w, https:\/\/cipro.evolutiontravel.it\/infovacanze\/wp-content\/uploads\/sites\/11\/2013\/09\/Petra-Tou-Romiou.jpg 1024w\" sizes=\"(max-width: 300px) 100vw, 300px\" \/>Qui potete fare diversi sport come <strong>snorkeling, immersioni, surf<\/strong>, e molte altre attivit\u00e0 per divertirsi con famiglia e amici. <strong>I fondali ciottolosi<\/strong> diventano profondi anche se non ci si allontana molto dalla costa, quindi \u00e8 necessaria particolare attenzione soprattutto se siete con i bambini al seguito.<\/p>\n<p>Troverete servizi come <strong>affitto ombrelloni e sdraio<\/strong>, <strong>bar<\/strong>, spogliatoi, accesso alla <strong>spiaggia per disabili<\/strong> e servizio salvataggio inoltre la localit\u00e0 \u00e8 piena di locali, <strong>discoteche<\/strong>, <strong>pub<\/strong>, ristoranti e molti mini-market per pranzi veloci in riva al mare.<\/p>\n<p>Nei <strong>dintorni di Petra tou Romiou,<\/strong> per passeggiate a contatto con la natura, ci sono <strong>alcuni parchi<\/strong> facilmente raggiungibili con un autobus di linea visto che nell\u2019isola gli autobus coprono tutto il territorio. La stessa passeggiata che conduce alla spiaggia \u00e8 gi\u00e0 di per se un&#8217;escursione affascinante e selvaggia.<\/p>\n<h3 style=\"text-align: center\">SPECIALE &#8220;<span style=\"color: #008000\">VACANZE A PAPHOS<\/span>&#8221; con Evolution Travel<\/h3>\n<p style=\"text-align: center\"><strong>Guarda adesso tutte le nostre migliori offerte per Cipro<\/strong>.<\/p>\n<p style=\"text-align: center\"><strong><span style=\"color: #008000\">CLICCA E SCOPRI<\/span><\/strong>: <strong>programma dettagliato<\/strong> del viaggio,<strong> tante foto <\/strong>e <strong>recensioni!<\/strong><\/p>\n<div class=\"feedzy-0ee0b98ba0c8f7adbc5e7574995130ff feedzy-rss\"><ul>Feed has no items.<\/ul> <\/div>\n","protected":false},"excerpt":{"rendered":"<p>La spiaggia ciottolosa di Petra tou Romiou, a circa 22 km da Paphos, \u00e8 una mezzaluna paradisiaca protagonista di una leggenda: su uno scoglio di questa spiaggia, dalle onde del mare, \u00e8 nata Afrodite rendendo questa localit\u00e0 famosa in tutto il mondo. Qui potete fare diversi sport come snorkeling, immersioni, surf, e molte altre attivit\u00e0 <a class=\"moretag\" href=\"https:\/\/cipro.evolutiontravel.it\/infovacanze\/destinazioni\/petra-tou-romiou\/\">[&#8230;]<\/a><\/p>\n","protected":false},"author":1,"featured_media":0,"parent":180,"menu_order":0,"comment_status":"closed","ping_status":"open","template":"templates\/template-with-right-sidebar.php","meta":{"footnotes":""},"yoast_head":"<!-- This site is optimized with the Yoast SEO plugin v21.9.1 - https:\/\/yoast.com\/wordpress\/plugins\/seo\/ -->\n<title>Petra Tou Romiou, spiagge Paphos e Afrodite dell&#039;siola di Cipro<\/title>\n<meta name=\"description\" content=\"Una meravigliosa spiaggia dove nacque la dea dell&#039;amore: Petra Tou Romiou. Scopri con noi questa localit\u00e0 e parti con le nostre offerte speciali!\" \/>\n<meta name=\"robots\" content=\"index, follow, max-snippet:-1, max-image-preview:large, max-video-preview:-1\" \/>\n<link rel=\"canonical\" href=\"https:\/\/cipro.evolutiontravel.it\/infovacanze\/destinazioni\/petra-tou-romiou\/\" \/>\n<meta name=\"twitter:label1\" content=\"Tempo di lettura stimato\" \/>\n\t<meta name=\"twitter:data1\" content=\"1 minuto\" \/>\n<script type=\"application\/ld+json\" class=\"yoast-schema-graph\">{\"@context\":\"https:\/\/schema.org\",\"@graph\":[{\"@type\":\"WebPage\",\"@id\":\"https:\/\/cipro.evolutiontravel.it\/infovacanze\/destinazioni\/petra-tou-romiou\/\",\"url\":\"https:\/\/cipro.evolutiontravel.it\/infovacanze\/destinazioni\/petra-tou-romiou\/\",\"name\":\"Petra Tou Romiou, spiagge Paphos e Afrodite dell'siola di Cipro\",\"isPartOf\":{\"@id\":\"https:\/\/cipro.evolutiontravel.it\/infovacanze\/#website\"},\"datePublished\":\"2013-08-07T13:25:30+00:00\",\"dateModified\":\"2018-10-15T15:40:52+00:00\",\"description\":\"Una meravigliosa spiaggia dove nacque la dea dell'amore: Petra Tou Romiou. Scopri con noi questa localit\u00e0 e parti con le nostre offerte speciali!\",\"breadcrumb\":{\"@id\":\"https:\/\/cipro.evolutiontravel.it\/infovacanze\/destinazioni\/petra-tou-romiou\/#breadcrumb\"},\"inLanguage\":\"it-IT\",\"potentialAction\":[{\"@type\":\"ReadAction\",\"target\":[\"https:\/\/cipro.evolutiontravel.it\/infovacanze\/destinazioni\/petra-tou-romiou\/\"]}]},{\"@type\":\"BreadcrumbList\",\"@id\":\"https:\/\/cipro.evolutiontravel.it\/infovacanze\/destinazioni\/petra-tou-romiou\/#breadcrumb\",\"itemListElement\":[{\"@type\":\"ListItem\",\"position\":1,\"name\":\"Luoghi da vedere\",\"item\":\"https:\/\/cipro.evolutiontravel.it\/infovacanze\/destinazioni\/\"},{\"@type\":\"ListItem\",\"position\":2,\"name\":\"Petra Tou Romiou, mezzaluna di Afrodite\"}]},{\"@type\":\"WebSite\",\"@id\":\"https:\/\/cipro.evolutiontravel.it\/infovacanze\/#website\",\"url\":\"https:\/\/cipro.evolutiontravel.it\/infovacanze\/\",\"name\":\"Cipro\",\"description\":\"\",\"potentialAction\":[{\"@type\":\"SearchAction\",\"target\":{\"@type\":\"EntryPoint\",\"urlTemplate\":\"https:\/\/cipro.evolutiontravel.it\/infovacanze\/?s={search_term_string}\"},\"query-input\":\"required name=search_term_string\"}],\"inLanguage\":\"it-IT\"}]}<\/script>\n<!-- \/ Yoast SEO plugin. -->","yoast_head_json":{"title":"Petra Tou Romiou, spiagge Paphos e Afrodite dell'siola di Cipro","description":"Una meravigliosa spiaggia dove nacque la dea dell'amore: Petra Tou Romiou. Scopri con noi questa localit\u00e0 e parti con le nostre offerte speciali!","robots":{"index":"index","follow":"follow","max-snippet":"max-snippet:-1","max-image-preview":"max-image-preview:large","max-video-preview":"max-video-preview:-1"},"canonical":"https:\/\/cipro.evolutiontravel.it\/infovacanze\/destinazioni\/petra-tou-romiou\/","twitter_misc":{"Tempo di lettura stimato":"1 minuto"},"schema":{"@context":"https:\/\/schema.org","@graph":[{"@type":"WebPage","@id":"https:\/\/cipro.evolutiontravel.it\/infovacanze\/destinazioni\/petra-tou-romiou\/","url":"https:\/\/cipro.evolutiontravel.it\/infovacanze\/destinazioni\/petra-tou-romiou\/","name":"Petra Tou Romiou, spiagge Paphos e Afrodite dell'siola di Cipro","isPartOf":{"@id":"https:\/\/cipro.evolutiontravel.it\/infovacanze\/#website"},"datePublished":"2013-08-07T13:25:30+00:00","dateModified":"2018-10-15T15:40:52+00:00","description":"Una meravigliosa spiaggia dove nacque la dea dell'amore: Petra Tou Romiou. Scopri con noi questa localit\u00e0 e parti con le nostre offerte speciali!","breadcrumb":{"@id":"https:\/\/cipro.evolutiontravel.it\/infovacanze\/destinazioni\/petra-tou-romiou\/#breadcrumb"},"inLanguage":"it-IT","potentialAction":[{"@type":"ReadAction","target":["https:\/\/cipro.evolutiontravel.it\/infovacanze\/destinazioni\/petra-tou-romiou\/"]}]},{"@type":"BreadcrumbList","@id":"https:\/\/cipro.evolutiontravel.it\/infovacanze\/destinazioni\/petra-tou-romiou\/#breadcrumb","itemListElement":[{"@type":"ListItem","position":1,"name":"Luoghi da vedere","item":"https:\/\/cipro.evolutiontravel.it\/infovacanze\/destinazioni\/"},{"@type":"ListItem","position":2,"name":"Petra Tou Romiou, mezzaluna di Afrodite"}]},{"@type":"WebSite","@id":"https:\/\/cipro.evolutiontravel.it\/infovacanze\/#website","url":"https:\/\/cipro.evolutiontravel.it\/infovacanze\/","name":"Cipro","description":"","potentialAction":[{"@type":"SearchAction","target":{"@type":"EntryPoint","urlTemplate":"https:\/\/cipro.evolutiontravel.it\/infovacanze\/?s={search_term_string}"},"query-input":"required name=search_term_string"}],"inLanguage":"it-IT"}]}},"_links":{"self":[{"href":"https:\/\/cipro.evolutiontravel.it\/infovacanze\/wp-json\/wp\/v2\/pages\/219"}],"collection":[{"href":"https:\/\/cipro.evolutiontravel.it\/infovacanze\/wp-json\/wp\/v2\/pages"}],"about":[{"href":"https:\/\/cipro.evolutiontravel.it\/infovacanze\/wp-json\/wp\/v2\/types\/page"}],"author":[{"embeddable":true,"href":"https:\/\/cipro.evolutiontravel.it\/infovacanze\/wp-json\/wp\/v2\/users\/1"}],"replies":[{"embeddable":true,"href":"https:\/\/cipro.evolutiontravel.it\/infovacanze\/wp-json\/wp\/v2\/comments?post=219"}],"version-history":[{"count":9,"href":"https:\/\/cipro.evolutiontravel.it\/infovacanze\/wp-json\/wp\/v2\/pages\/219\/revisions"}],"predecessor-version":[{"id":1012,"href":"https:\/\/cipro.evolutiontravel.it\/infovacanze\/wp-json\/wp\/v2\/pages\/219\/revisions\/1012"}],"up":[{"embeddable":true,"href":"https:\/\/cipro.evolutiontravel.it\/infovacanze\/wp-json\/wp\/v2\/pages\/180"}],"wp:attachment":[{"href":"https:\/\/cipro.evolutiontravel.it\/infovacanze\/wp-json\/wp\/v2\/media?parent=219"}],"curies":[{"name":"wp","href":"https:\/\/api.w.org\/{rel}","templated":true}]}}